
True
Is 13497094213 composite?
False
Is 13443538091 composite?
True
Is 69657249379 a prime number?
True
Is 4840614389 a prime number?
False
Is 630236219 composite?
True
Is 8965834667 prime?
True
Is 11794037557 composite?
True
Is 1620036611 prime?
True
Is 22312229 a composite number?
False
Is 94815540551 prime?
True
Is 935669363 a prime number?
False
Is 79201699123 composite?
False
Is 2445336577 a composite number?
False
Is 7610590613 a prime number?
False
Is 32031217 prime?
True
Is 3462464143 a prime number?
False
Is 3239932919 a composite number?
False
Is 32027462 a prime number?
False
Is 31888619969 composite?
False
Is 13647720145 a prime number?
False
Is 17519202823 a prime number?
True
Is 10281682883 prime?
False
Is 85220657879 a composite number?
True
Is 610803883 a prime number?
True
Is 18263270437 a composite number?
True
Is 3193855829 prime?
False
Is 945626449 a prime number?
False
Is 6194031709 a prime number?
False
Is 102325039 prime?
False
Is 5033372587 a prime number?
True
Is 1354594831 a prime number?
True
Is 1124514581 a composite number?
True
Is 3422547497 a prime number?
True
Is 83498240587 prime?
False
Is 3858584063 a composite number?
False
Is 4119648287 a composite number?
True
Is 3647404703 prime?
False
Is 134035612829 prime?
False
Is 1172037313 a composite number?
False
Is 10354022437 a prime number?
False
Is 33458044883 prime?
True
Is 124668559 composite?
True
Is 1477163407 prime?
True
Is 418574749 composite?
True
Is 955058933 prime?
True
Is 477583441 a composite number?
False
Is 177130102 a composite number?
True
Is 875793887 prime?
True
Is 5439238549 a composite number?
False
Is 2290729 composite?
True
Is 2573077999 composite?
True
Is 210375743 a composite number?
False
Is 5049097 a composite number?
False
Is 3484097 composite?
False
Is 192384097 prime?
True
Is 41983316377 prime?
True
Is 22344143 a composite number?
False
Is 136507583 a prime number?
False
Is 167136946 prime?
False
Is 26135933057 prime?
False
Is 12670436887 a composite number?
False
Is 613031161 prime?
True
Is 2557947949 a composite number?
False
Is 110925751 composite?
False
Is 601008029 a composite number?
False
Is 34177253801 prime?
False
Is 14288061143 a composite number?
True
Is 3890301859 prime?
False
Is 711339641 a prime number?
True
Is 145755746431 a composite number?
True
Is 72110961749 a prime number?
False
Is 11320547487 composite?
True
Is 9273188647 prime?
True
Is 4688686633 a composite number?
False
Is 3801357349 a composite number?
False
Is 582519623 a prime number?
False
Is 595319441 composite?
False
Is 34733817271 a prime number?
True
Is 459057433 a composite number?
True
Is 3341358641 a composite number?
True
Is 378079547 composite?
True
Is 1146224377 composite?
False
Is 31315561885 composite?
True
Is 3319950833 a composite number?
True
Is 24278247395 a composite number?
True
Is 18479593711 a composite number?
False
Is 112278167899 a composite number?
True
Is 1508178433 a prime number?
True
Is 5722490857 a prime number?
True
Is 20718182297 a composite number?
False
Is 228124517 prime?
True
Is 35790446765 a prime number?
False
Is 968275573 a composite number?
True
Is 18440555927 a prime number?
True
Is 5088107933 a composite number?
False
Is 43544931 prime?
False
Is 1905278489 composite?
False
Is 135413189263 a prime number?
False
Is 21168308741 a composite number?
True
Is 615681583 a composite number?
True
Is 8147077369 a prime number?
True
Is 118916351 composite?
False
Is 7861951 prime?
True
Is 1734671357 a composite number?
True
Is 741412667 prime?
False
Is 4257041153 composite?
False
Is 35662962851 a prime number?
False
Is 30105781469 prime?
False
Is 4802495099 a prime number?
True
Is 85021490549 a composite number?
False
Is 1011666167 composite?
True
Is 123641977 composite?
False
Is 2701506077 prime?
True
Is 12230498623 a composite number?
True
Is 932092721 prime?
False
Is 302580059345 prime?
False
Is 1781623049 a prime number?
True
Is 3014865043 prime?
False
Is 21987186569 prime?
False
Is 5713842679 prime?
True
Is 1290789967 a prime number?
False
Is 11529949 a composite number?
True
Is 420141721 composite?
False
Is 356629727 prime?
True
Is 271390037 a prime number?
False
Is 14653485509 composite?
True
Is 43742135519 a prime number?
True
Is 7098405937 a prime number?
False
Is 113530174997 a prime number?
True
Is 3241342718 a prime number?
False
Is 544365997 a prime number?
False
Is 1968665599 a composite number?
False
Is 1316912011 composite?
True
Is 1020223747 composite?
True
Is 1556191159 a prime number?
True
Is 8566709831 a composite number?
False
Is 196285337 a composite number?
False
Is 32674699523 a composite number?
False
Is 1268910679 a composite number?
False
Is 45707002799 a prime number?
True
Is 100501174871 a composite number?
True
Is 4902112637 a composite number?
False
Is 20162669 a composite number?
True
Is 2405386849 a prime number?
True
Is 4356706351 composite?
False
Is 14306329963 composite?
True
Is 1060306543 composite?
False
Is 23918003299 prime?
False
Is 397730189 composite?
False
Is 4596926891 a prime number?
True
Is 5859652013 a composite number?
False
Is 4726063807 prime?
False
Is 1125301453 composite?
False
Is 14916347003 a prime number?
False
Is 5126864891 a composite number?
False
Is 18626789267 composite?
True
Is 644964653 a composite number?
True
Is 93940523461 prime?
False
Is 5348704061 a composite number?
False
Is 174059737817 prime?
False
Is 119264195303 composite?
True
Is 26044942591 prime?
True
Is 1202596211 a composite number?
False
Is 284209877 a composite number?
True
Is 96157223 a prime number?
True
Is 43690441863 composite?
True
Is 593945381 a composite number?
False
Is 3274945589 prime?
False
Is 347420399 a prime number?
True
Is 837550657 a composite number?
True
Is 9185796845 prime?
False
Is 183472741 a prime number?
True
Is 10389589009 prime?
True
Is 622863921 prime?
False
Is 1964951683 a prime number?
True
Is 2278661351 a prime number?
False
Is 30947319077 a prime number?
True
Is 2300343359 a prime number?
True
Is 113646199 a composite number?
True
Is 18651321289 composite?
False
Is 3190811053 composite?
False
Is 145935871603 prime?
True
Is 30666625498 prime?
False
Is 2351794007 a prime number?
False
Is 372962407 a prime number?
True
Is 8528064593 composite?
False
Is 9567992609 a composite number?
True
Is 47636327093 composite?
True
Is 2453329519 composite?
True
Is 7540815067 composite?
False
Is 991979629 a prime number?
True
Is 2694850469 a prime number?
True
Is 2836908551 prime?
True
Is 1749640111 composite?
False
Is 829290401 composite?
True
Is 17754491849 composite?
True
Is 137417719 prime?
False
Is 64266563267 a prime number?
False
Is 578936686607 composite?
False
Is 144183477149 composite?
True
Is 2212129039 composite?
False
Is 57828950693 prime?
True
Is 7961043547 composite?
True
Is 2393952151 a composite number?
True
Is 11178203243 a composite number?
False
Is 7137113929 a composite number?
True
Is 45600888857 a composite number?
True
Is 133326142093 prime?
True
Is 88836863327 prime?
True
Is 2409779219 prime?
False
Is 1365533023 prime?
False
Is 39435341503 a prime number?
False
Is 1440099587 a composite number?
False
Is 129792708257 a composite number?
False
Is 178798567 composite?
True
Is 82283024977 prime?
True
Is 1047568997 a prime number?
True
Is 8156329295 a composite number?
True
Is 17416392691 prime?
True
Is 587163449 a prime number?
False
Is 1193698607 composite?
True
Is 357616139 composite?
True
Is 1467063449 a composite number?
True
Is 2397762067 composite?
False
Is 169666086839 prime?
True
Is 7798639697 a composite number?
False
Is 5532050959 a prime number?
True
Is 9173160421 a composite number?
True
Is 3599826511 a composite number?
False
Is 1450339487 prime?
True
Is 6571356499 prime?
True
Is 2430692219 prime?
False
Is 156133897 prime?
False
Is 222638083 composite?
False
Is 55913873243 composite?
False
Is 445749137 prime?
False
Is 8218793449 a prime number?
True
Is 11047612907 a prime number?
False
Is 390834787 composite?
True
Is 3273272551 a composite number?
True
Is 1041077941 a composite number?
False
Is 54954098803 a composite number?
False
Is 4788360851 a prime number?
True
Is 2155062527 composite?
False
Is 9717311711 prime?
False
Is 6403292417 a composite nu